 g(q) = 2*q**3 - 76*q**2 + 73*q + 124. Give g(37).
87
Let p(a) = -24*a**3 - 36433*a**2 - 1450*a + 103224. Give p(-1518).
0
Let q(a) = -408*a + 12314. What is q(31)?
-334
Let q(t) = -894*t + 730789. Give q(817).
391
Let c(s) = -112216*s + 336676. Calculate c(3).
28
Let m(k) = 26*k**3 - 160*k**2 - 6*k + 106. Calculate m(6).
-74
Let h(r) = 1410*r + 11308. Calculate h(-8).
28
Let t(n) = 140*n**2 + 1672*n - 75. Calculate t(-12).
21
Let s(y) = 1304*y + 87330. Determine s(-67).
-38
Let q(i) = 4910*i + 49115. Calculate q(-10).
15
Let y(x) = 919*x + 27517. Give y(-32).
-1891
Let i(o) = -21*o**2 + 102*o - 12. Give i(9).
-795
Let b(y) = -247144*y + 2718608. Give b(11).
24
Let c(r) = r**2 - 220*r + 11688. Determine c(156).
1704
Let f(m) = 2421*m - 33608. Give f(14).
286
Let y(j) = 2*j**3 - 997*j**2 - 3981*j + 34. What is y(-4)?
-122
Let l(y) = -3*y**2 - 153073*y - 1530496. What is l(-10)?
-66
Let b(v) = -62*v**2 - 11644*v - 323. Give b(-188).
-2579
Let a(x) = -1125*x - 236629. Give a(-211).
746
Let w(u) = 6*u**3 + 396*u**2 - 175*u - 11491. Calculate w(-66).
59
Let z(o) = 1908*o + 59059. Give z(-31).
-89
Let c(d) = 524*d - 7291. Give c(15).
569
Let s(q) = -7*q**3 + 3440*q**2 + 1972*q - 1960. Give s(492).
8
Let i(f) = f**3 - 5*f**2 - 28*f + 14. Give i(7).
-84
Let r(g) = 182*g**3 - 5639*g**2 - 47*g - 1429. What is r(31)?
-3
Let g(i) = 160*i + 2903. What is g(-18)?
23
Let b(y) = -13*y - 683. What is b(-17)?
-462
Let o(k) = 193*k - 7742. Give o(40).
-22
Let y(r) = r**2 - 159*r - 7396. Calculate y(-39).
326
Let j(w) = 145*w + 7362. Determine j(-44).
982
Let d(c) = -1703*c + 2820. Give d(3).
-2289
Let r(t) = -29716*t - 386197. Calculate r(-13).
111
Let g(h) = 608*h + 96067. Calculate g(-158).
3
Let i(d) = -2*d**2 - 673*d - 31854. Give i(-57).
9
Let x(w) = -360495*w - 360501. Give x(-1).
-6
Let v(d) = d**2 - 16512*d - 446497. Calculate v(-27).
56
Let c(v) = -19*v**3 + 3277*v**2 - 6563*v + 12. Calculate c(2).
-158
Let z(b) = -160*b**3 + 6*b**2 - 12*b - 33. Calculate z(-2).
1295
Let j(n) = -3*n**2 - 346*n + 8542. Give j(21).
-47
Let w(t) = 4*t**2 - 148*t + 1120. Determine w(8).
192
Let p(f) = 13434*f - 846278. What is p(63)?
64
Let f(x) = -x**2 + 10063*x - 60346. Give f(6).
-4
Let v(c) = -19*c**2 + 1474*c - 987. What is v(77)?
-140
Let l(z) = 1208*z - 38674. Determine l(32).
-18
Let d(x) = 753*x**3 + 5*x**2 + 19*x + 15. Calculate d(-1).
-752
Let s(i) = -i**3 - 13*i**2 + 8*i - 57. Give s(-13).
-161
Let g(z) = -17*z**2 + 195*z + 87. What is g(11)?
175
Let a(m) = m**2 + 985*m - 2964. Calculate a(3).
0
Let z(s) = -224*s - 15096. Calculate z(-65).
-536
Let i(m) = -m**3 + 45*m**2 - 424*m + 24289. Calculate i(47).
-57
Let m(x) = -142*x**2 - 3260*x + 143. Determine m(-23).
5
Let k(x) = 15*x**2 - 57*x - 5433. Calculate k(21).
-15
Let u(b) = -b**2 + 2181*b + 17437. What is u(-8)?
-75
Let d(h) = 1122557*h - 1122532. What is d(1)?
25
Let z(c) = 2559*c**2 + 17918*c + 13. What is z(-7)?
-22
Let w(a) = 1889*a - 18773. Give w(9).
-1772
Let a(v) = 53*v**3 - 2277*v**2 - 190*v + 4480. What is a(43)?
8
Let c(f) = -270*f - 77449. What is c(-287)?
41
Let f(y) = -34*y**2 + 57*y + 330. Give f(-6).
-1236
Let b(n) = -6*n**3 - 148*n**2 + 967*n + 148. Determine b(-30).
-62
Let y(t) = 29*t**3 - 172*t**2 + 137*t - 9. Determine y(5).
1
Let o(j) = -48*j**2 - 3173*j - 300. Calculate o(-66).
30
Let n(m) = 1752*m + 233002. Give n(-133).
-14
Let m(o) = -o**3 - 118*o**2 + 2443*o - 867. Calculate m(-136).
-187
Let u(k) = -k**3 + 32*k**2 + 61*k - 1143. Calculate u(33).
-219
Let v(r) = r**2 + 26*r - 4329. Give v(-73).
-898
Let n(h) = h**3 + 96*h**2 - 202*h - 10196. Determine n(-97).
-11
Let b(h) = 27*h**2 + 26*h - 42. Give b(2).
118
Let s(b) = -2730*b + 16469. Give s(6).
89
Let l(j) = 1182*j + 4490. Give l(-3).
944
Let a(t) = 43*t**2 + 12215*t - 11385. What is a(-285)?
15
Let s(v) = -v**3 - 97*v**2 - 170*v - 7427. What is s(-96)?
-323
Let n(t) = 157*t - 2010. Determine n(18).
816
Let g(q) = 3*q**2 + 2044*q - 180200. Determine g(79).
-1
Let q(l) = -57264*l**2 + 400859*l - 75. Give q(7).
2
Let c(g) = -9038*g + 108199. Give c(12).
-257
Let j(u) = 6*u**2 + 205*u + 149. Give j(-11).
-1380
Let a(u) = -902*u - 5342. Give a(-6).
70
Let x(s) = -13*s**3 + 44*s**2 + 86*s - 4. Determine x(-2).
104
Let q(c) = -27*c**2 - 163*c - 611. What is q(-4)?
-391
Let k(g) = 3*g**3 - 20*g**2 - 5014*g + 35129. Determine k(7).
80
Let v(p) = p**2 + 426*p + 44647. Calculate v(-187).
-46
Let d(g) = -8833*g - 142088. Calculate d(-16).
-760
Let a(s) = -38*s + 753. What is a(-64)?
3185
Let a(g) = 15*g**2 + 223*g - 739. Give a(-19).
439
Let m(j) = 4646*j - 87774. What is m(19)?
500
Let u(l) = 690*l + 10376. Calculate u(-15).
26
Let f(h) = -3*h**2 + 572*h + 14686. Calculate f(-23).
-57
Let z(u) = -44733*u**2 + 536795*u - 1. Give z(12).
-13
Let u(m) = -8354*m + 50088. What is u(6)?
-36
Let p(q) = 36*q**3 + 902*q**2 - 351*q - 10037. Calculate p(-25).
-12
Let w(c) = -247*c**2 + 12355*c - 249. What is w(50)?
1
Let f(t) = -t**3 + 14*t**2 - 709*t + 3958. What is f(6)?
-8
Let b(l) = -l**3 - 93*l**2 - 753*l - 1017. What is b(-7)?
40
Let m(i) = -i**3 + 82*i**2 - 727*i + 220. Give m(72).
-284
Let l(z) = 9680*z - 189604. Give l(20).
3996
Let a(n) = 1323*n**2 - 35713*n - 213. What is a(27)?
3
Let a(v) = -7*v**3 - 204*v**2 - 409*v - 42. Determine a(-27).
66
Let y(j) = 11*j**3 + 145*j**2 + 16*j - 6. Calculate y(-13).
124
Let b(h) = 1865*h - 69057. What is b(37)?
-52
Let f(n) = 2*n**2 - 29245*n - 7466489. What is f(-251)?
8
Let j(l) = l**3 - 26*l**2 - 971*l - 3208. Determine j(-18).
14
Let o(t) = -3911*t - 43102. Determine o(-11).
-81
Let h(n) = 7*n**2 + 433*n + 6620. Determine h(-28).
-16
Let g(r) = -22031*r - 462658. Give g(-21).
-7
Let j(q) = 1517*q - 9268. Determine j(6).
-166
Let y(l) = 2*l**3 + 748*l**2 + 5137*l - 21. Give y(-7).
-14
Let m(w) = -78*w + 520. Give m(73).
-5174
Let j(c) = -199*c - 2363. Calculate j(-20).
1617
Let m(c) = 58387*c - 233533. Give m(4).
15
Let q(r) = 2*r**3 - 14*r**2 - 5*r - 35. Give q(4).
-151
Let f(v) = 4725*v + 1313529. Determine f(-278).
-21
Let d(r) = -528*r + 225257. What is d(427)?
-199
Let z(d) = 791*d + 17271. Give z(-21).
660
Let u(j) = -2288*j + 91476. Give u(40).
-44
Let v(p) = -45*p**3 - 988*p**2 + 33*p - 240. Calculate v(-22).
2
Let p(f) = 5*f**2 + 706*f + 2075. Calculate p(-3).
2
Let h(v) = -56068*v - 2018449. What is h(-36)?
-1
Let a(n) = 7*n**2 + 43*n - 511. Give a(-19).
1199
Let v(t) = t**2 + 2250*t - 357397. Give v(149).
54
Let f(b) = 248092*b - 4465686. Give f(18).
-30
Let r(c) = -15*c**2 + 30983*c + 61964. Determine r(-2).
-62
Let l(w) = 405*w + 8143. Determine l(-20).
43
Let h(n) = n**2 - 1233*n - 56316. Give h(-44).
-128
Let v(q) = -q**3 - 195*q**2 + 393*q - 39815. What is v(-198)?
-17
Let r(c) = -11806*c - 93679. What is r(-8)?
769
Let c(b) = -2*b**2 + 546*b - 34425. What is c(175)?
-125
Let s(w) = 72*w**2 + 11*w + 1. Determine s(2).
311
Let n(z) = 277*z - 32584. Determine n(120).
656
Let w(k) = 2*k**3 + 14*k**2 - 8*k + 197. What is w(-11)?
-683
Let z(v) = 164*v**2 + 4777*v - 4775. What is z(1)?
166
Let z(j) = 2*j**2 - 39*j + 175. Calculate z(-14).
1113
Let k(l) = l**2 - 587*l + 31584. Calculate k(60).
-36
Let c(y) = y**3 - 38*y**2 - 95*y + 68. Determine c(40).
-532
Let l(j) = 824*j + 76214. What is l(-93)?
-418
Let c(q) = -13850*q - 14085. What is c(-1)?
-235
Let q(n) = -3*n**2 + 5*n - 300. Determine q(-3).
-342
Let b(d) = -242088*d**2 - 1452529*d - 12. Give b(-6).
-6
Let u(o) = 109*o**3 - 2398*o**2 + 1912*o - 42072. Calculate u(22).
-8
Let h(n) = -4*n**3 - 10*n**2 - 5*n + 11. Determine h(0).
11
Let u(w) = 1313683*w - 2627357. What is u(2)?
9
Let a(x) = -x**3 - 32*x**2 - 466*x - 3195. What is a(-16)?
165
Let q(k) = 58*k**2 - 4*k - 28. Determine q(-4).
916
Let k(c) = -c**2 - 696*c - 120302. Calculate k(-376).
18
Let v(t) = 6550*t - 7589. Calculate v(1).
-1039
Let d(o) = -o**3 + 26*o**2 - 148*o - 19. Give d(18).
-91
Let q(s) = -15755*s - 13580808. What is q(-862)?
2
Let y(v) = -2*v**3 + 7*v**2 + 255*v + 731. Determine y(-3).
83
Let z(c) = 2*c**3 + 9*c**2 + 28*c + 63. Give z(-3).
6
Let v(y) = -2*y**3 + 732*y**2 + 43*y - 15734. Calculate v(366).
4
Let j(b) = 6*b**3 + 1773*b**2 + 879*b - 1803. Determine j(-295).
-33
Let k(z) = 6463*z + 665682. What is k(-103)?
-7
Let n(k) = 2*k**2 - 54*k - 8185. C